4, -2*a + w = 0. Is f prime?
True
Let m = -109 - -290. Is m composite?
False
Let w(a) = -10*a + 3*a - 4*a. Is w(-3) a composite number?
True
Let y = 778 - -423. Is y a prime number?
True
Is ((-1678)/6)/(10/(-30)) a prime number?
True
Suppose -3*m + 1843 - 652 = 0. Is m prime?
True
Let f = 101 + 200. Is f a composite number?
True
Suppose -2*s = s - 3525. Suppose -3*d = -s - 874. Is d composite?
False
Let o(m) = m. Let u(g) = -g + 1. Let z(d) = 16*d + 1. Let h(c) = 2*u(c) - z(c). Let j(i) = h(i) + 4*o(i). Is j(-6) a prime number?
False
Suppose -3*y + 4*y + 5 = -3*u, -3*u - 25 = 5*y. Let o be u + -2 - 1/(-1). Is o + 12*4/6 composite?
False
Suppose 5*l = 4*l + 149. Is l a composite number?
False
Suppose 6 = 3*w, 0*w + w - 10 = -4*y. Suppose 129 = v + y*v. Is v a prime number?
True
Let j(o) = -o**3 - 10*o**2 - 9*o + 2. Let t be j(-9). Suppose 0 = 2*k - 2*c - 306, -5*c = -k + t*k - 177. Is k a composite number?
False
Let g(t) = -t**2 + 8*t + 6. Let a be g(8). Suppose 2*v + 16 = a*v. Is v/18 - (-194)/18 prime?
True
Let i be 1/(-4) - 65/(-20). Suppose i*s + 0*s = 165. Is s a prime number?
False
Let a(u) = -u**3 + 9*u**2 + 8. Let d = 10 + -1. Let q be a(d). Suppose -4*m - q = 0, w - 2*w + 4*m + 21 = 0. Is w prime?
True
Let b(w) = 2*w**2. Let q be b(1). Suppose -2*v + 261 = -5*h, 0*h + 498 = 4*v - q*h. Is v a prime number?
False
Suppose 0 = -5*k - 5*s + 19 + 26, 2*k - s = 6. Let c(w) = 72*w - 4. Let v be c(k). Suppose 3*o - v = -o. Is o prime?
True
Suppose 7 = a - 4. Let n(o) = -o**2 - 5*o + 16. Let h be n(-8). Let b = a + h. Is b prime?
True
Suppose 5*c + 13 = 2*f, -3*c - f - 8 = 2. Let q = c + 8. Suppose g + x - 21 = -3*x, -q*g + 197 = -3*x. Is g prime?
True
Suppose -15 = -3*b - 2*b + 2*w, 2*b - 2*w = 6. Suppose -b = g - 2*g. Suppose 2*t + o = -3*t + 188, g*o = -6. Is t a prime number?
False
Suppose -9 = -3*p + 6. Suppose -p*i = -i - 2732. Is i prime?
True
Let h(l) = 2*l**2 - 3*l - 1. Let z(d) = d**2 + d - 4. Let x be z(-3). Suppose 2 = x*a - 8. Is h(a) composite?
True
Suppose 3*p + 47 - 539 = 0. Suppose -8*g + 3*g = -585. Let c = p - g. Is c a prime number?
True
Let w(s) = -3*s**2 + s - 7. Let p be w(5). Let i = 115 + p. Is i prime?
False
Suppose -59 - 45 = -4*y - 4*h, 3*h - 138 = -5*y. Suppose -2*p - 8 + y = 0. Is p a prime number?
True
Let u(x) = 7*x**2 + 5*x + 7. Is u(6) a prime number?
False
Let v(o) be the second derivative of -o**5/20 + o**3/6 + 53*o**2/2 - 8*o. Is v(0) a prime number?
True
Suppose -1 = k - 4*r, 2*k = -0*r + 2*r + 4. Suppose -k*a - 4*s + 2*s + 1657 = 0, 0 = 3*a - s - 1660. Is a prime?
False
Let l(u) = u**2 + 2*u - 4. Is l(7) composite?
False
Let g = 961 + 512. Is g a composite number?
True
Let t be 7/2 - 2/4. Is t - 1/(-1) - 1 composite?
False
Suppose 3*a = n - 191, -n + 5*a + 191 = -0*a. Is n a composite number?
False
Let t be (2 + -5)*8/(-12). Suppose -4*r + 51 = -3*m + 7, 0 = -r + 4*m - t. Is r prime?
False
Let a(s) = -45*s - 3. Is a(-2) composite?
True
Let d(l) = 4*l**2 + 7*l + 14. Is d(-7) a prime number?
False
Suppose 4*y - 501 = -2*n + 1477, -3*y - 1957 = -2*n. Is n a composite number?
False
Is 1/((-3)/(111*-1)) a composite number?
False
Let n(p) = 3*p**3 + p**2 - 1. Let d be n(1). Suppose -d*y + f - 1200 = -8*y, 2*f = 3*y - 707. Is y a prime number?
True
Suppose -4*w + 56 = 4. Is w a composite number?
False
Let m(b) = 3*b**2 + b - 3. Let l be m(7). Suppose 5*v - 44 - l = 0. Is v a composite number?
True
Let h be (-110)/(-4) - (-1)/(-2). Suppose 0*g = 3*g - h. Is g a prime number?
False
Let i be (2/(-6))/((-9)/54). Is (37/i)/(4/8) a prime number?
True
Suppose 0 = -l - 2, -l - 2*l + 9 = 5*d. Let s be 1 - ((d - 2) + -68). Suppose 8 = 4*i - s. Is i a composite number?
False
Let b(m) be the first derivative of 13*m**3/3 - 4*m**2 + 5*m - 6. Is b(-6) composite?
False
Let t(q) = 9*q**3 - 5*q**2 + 3*q - 3. Let u(k) = -5*k**3 + 2*k**2 - k + 1. Let d(j) = -2*t(j) - 5*u(j). Is d(1) a prime number?
True
Let s = 727 + -401. Is s a prime number?
False
Let n be (3/5)/((-4)/(-40)). Is ((-764)/n)/(4/(-6)) a prime number?
True
Suppose 2*p = 3*p + 3*c + 12, -5*c = -2*p + 20. Let l(v) = -3 + 5*v + 5*v + p. Is l(4) a composite number?
False
Let a be (2/8)/((-13)/(-104)). Suppose -3*u = 5*p - 41, 2*p + 4 + a = 2*u. Is u a prime number?
True
Let a = 270 - 454. Is a/10*35/(-14) a composite number?
True
Let p(o) = o**2 - 10*o - 6. Let r = -7 - 0. Is p(r) composite?
False
Suppose 2*o = 5*i - 3*o - 20, 0 = -i - o + 4. Suppose p = x + 8 - 50, i*x = -p - 47. Let y = -24 - p. Is y a composite number?
False
Let r be ((-2)/3)/((-1)/3). Suppose 6 = r*n - 0. Suppose -3*f - 5*x = -6*f + 72, -n*f + 2*x = -63. Is f composite?
False
Let w = 8 + -6. Suppose 2*o + 5*k - 109 = -0*k, -4*k = w*o - 114. Is o a composite number?
False
Suppose 2*j - 72 - 96 = 0. Suppose -4*i = -v - j, 3*i - v - 18 - 44 = 0. Is i composite?
True
Let h = 59 - 24. Suppose 3*z + 5 = 2*k + 150, 4*k = z - h. Is z composite?
True
Is (0 - 254)/((-6)/9) composite?
True
Let m(r) = 0 - r + 9 + 0*r. Let i be m(5). Suppose -4*k - 5*h = -71, 2*k = -3*k + i*h + 99. Is k a composite number?
False
Let w be -2 + (0 - (3 - 5)). Suppose w = -2*j + 405 + 41. Is j a prime number?
True
Suppose 80 + 160 = 4*z - 4*d, -3*z + 155 = 2*d. Is z prime?
False
Suppose -4*s + k - 4 = 0, -3*s + 4*k + k = 20. Suppose s = 3*z - 2398 + 739. Is z composite?
True
Let m(a) = -a**2 + 4*a. Let q be m(6). Is (-669)/q + 6/(-8) a composite number?
True
Let y = -364 - -104. Let p = y + 532. Suppose 0 = -5*h + 4*b - 5*b + p, b = -2*h + 107. Is h composite?
True
Let y(u) = -u**2 + 11*u - 3. Let k be y(11). Let j(a) = -39*a + 1. Is j(k) composite?
True
Suppose -64*d = -62*d - 982. Is d prime?
True
Suppose -106 = -2*n + 340. Is n prime?
True
Suppose -1346 = -j + 3*w, 0*j + 5*j = 2*w + 6795. Is j a prime number?
True
Let t = -124 + 738. Let s = t - 351. Is s composite?
False
Let w = 24 - 13. Let o = w - -28. Is o a composite number?
True
Let a(z) = -z**2 + 2. Let t be a(0). Suppose 4*r + 14 = -3*j - 4, 0 = -5*r + t*j - 34. Is 5/((-10)/r) - -10 a composite number?
False
Suppose v = -0*v - 2. Let p = v + 2. Suppose p*d - 5*d = -35. Is d a composite number?
False
Let z(k) be the first derivative of k**3/3 + 2*k**2 - 3*k - 1. Is z(-10) prime?
False
Let n be (5/(-5))/((-1)/2). Suppose a = 5*u - 425, -4*u + 3*a = -n*u - 170. Is u a prime number?
False
Let d = -13 - -19. Let i(q) = 2*q**2 - 2*q - 11. Is i(d) a composite number?
True
Suppose -2*r - 4*g + 3*g + 8 = 0, 0 = 3*r - 4*g - 12. Suppose 2*d = -r*o + 238, -d + 3*o + 107 = o. Is d prime?
True
Suppose -4*w + 540 = -0*w. Suppose 0*r = 5*r - w. Let x = r + 28. Is x composite?
True
Suppose -2*a + 0*a + 326 = 0. Is a a composite number?
False
Let c = 508 + -65. Is c prime?
True
Let w be 12*-1*4/3. Let o = w + -37. Let n = -31 - o. Is n a prime number?
False
Let q be (-8)/20 - (-1454)/10. Let w = 440 - q. Is w a composite number?
True
Let k(y) = -4*y + 2. Let b be k(-9). Suppose 3*u - b = u. Is u prime?
True
Let o be 50 + 1 - (4 + -6). Suppose -g - g - 64 = 2*n, -g = -n + 32. Let r = o + g. Is r prime?
False
Suppose 694 = 3*z - z. Is z a composite number?
False
Let x(g) = -12*g**2 - 3*g + 5. Let r(k) = 6*k**2 + 2*k - 3. Let b(f) = 9*r(f) + 4*x(f). Is b(-5) prime?
True
Suppose 2566 = 5*x + 896. Suppose 642 = 4*v - 5*p, -x = v - 3*v - 4*p. Is v prime?
True
Let y(i) = -19*i - 3. Let w(k) = -k**2 - 5*k - 2. Let p be w(-5). Is y(p) prime?
False
Let m = 630 - 2887. Let y = -860 - m. Is y composite?
True
Suppose -g + 4*w - 36 = 0, 3*g - 2*w = -9 - 89. Let a = 63 + g. Is a a prime number?
True
Suppose 0*o + o = 0. Suppose 135 - 31 = 2*k + z, o = 5*k - z - 267. Is k prime?
True
Suppose 2*l = -0*l - 8176. Let z = -9807 - l. Is 2/9 - z/63 prime?
False
Let n be 1/(2*2/8). Let x(t) = -t**2 + 0*t + n*t + 43*t**3 - t. Is x(1) a composite number?
False
Is 3/7 - (-9902)/7 a prime number?
False
Suppose -1671 = m - 4*m. Suppose 2*z - m = -3*h, 3*h = 2*z + 2*z + 569. Is h composite?
True
Let c be ((-5)/(-4))/((-2)/(-8)). Let z(w) = -c + 38*w + 3 + 1. Is z(3) composite?
False
Suppose -a - 4*a + 633 = 2*d, 3*d = -5*a + 632. Is a a prime number?
True
Let l(m) = m**2 + 3*m + 2. Let w be l(-3). Let y(p) = -4*p**w - p**2 + 6*p + 4*p**2 + 1. Is y(5) prime?
False
Suppose 0*k + 2*k - 12 = 0. Suppose 0 = 2*l - 3*b -